-155 + 265. Suppose 4 = -2*t, 118*s - 115*s - 5*t = 52. Calculate the remainder when v is divided by s.
12
Calculate the remainder when -6 + (-220)/(-35) - (410/(-35) + -1) is divided by -2*2/(2/(-1)).
1
Let u be ((-30)/(-9) - -1)/((-4)/(-120)). Suppose -2*p = w - 39, -2*p - u = -5*w + p. Calculate the remainder when 128 is divided by w.
12
What is the remainder when 14211 is divided by ((-2)/4*78 - -5)*4/(-8)?
16
Suppose -22*q = 247 - 797. Let c = q - -28. Let v = 27 + -9. What is the remainder when c is divided by v?
17
Let w(u) = u**2 - 18*u + 67. Let k be w(17). Calculate the remainder when 4 is divided by (-9)/(-5) - (-10)/k.
0
Let f = -20788 - -20790. Calculate the remainder when (3 - 0)/(-3) + 24 is divided by f.
1
Suppose -4 = -l - 9, 4*d - 3571 = -5*l. What is the remainder when d is divided by 180?
179
Calculate the remainder when 1279 is divided by (-1714)/(-13) - 56/(-364) - (-5 - -10).
9
Let d = 135 + 78. Suppose d + 368 = 7*v. Suppose -c + n + 0*n + v = 0, 3*c = n + 245. Calculate the remainder when c is divided by 21.
18
Suppose 5*r + 3*x - 563 = 0, 2*r - r - 110 = 2*x. Calculate the remainder when r is divided by 28.
0
Suppose 3*p + p = 44. Let k = 28 + -24. Suppose k*w - 155 = -w. What is the remainder when w is divided by p?
9
Let n = -31 - -83. Let x = n + -26. Let k(g) = 3*g**2 + 7*g + 2. Calculate the remainder when k(-7) is divided by x.
22
Suppose -3*g + 65*g - 13516 = 0. What is the remainder when g is divided by 11/3*(-2 + 14)?
42
Suppose -40*b = -29*b - 3740. What is the remainder when 1070 is divided by b?
50
Let o = 41019 + -40842. What is the remainder when 2851 is divided by o?
19
Let p(h) = 2*h**3 + 46*h**2 + 43*h - 4. What is the remainder when 2606 is divided by p(-22)?
14
Let z(w) = 2*w**2 - 5*w + 4. Let j = 123911 - 123898. Calculate the remainder when z(6) is divided by j.
7
Let t = 3975 + -3893. What is the remainder when t is divided by 15?
7
Let s be 4 - 3 - (2 + -18). Let f(m) = -m**2 + 8 + 3*m**2 - 3*m**2 - 5*m - 12*m + 2*m**2. What is the remainder when 29 is divided by f(s)?
5
Suppose 33 = -14*b + 201. What is the remainder when (b/(-10))/(114/(-25460)) is divided by 27?
25
Let z = 832 + -786. Calculate the remainder when z is divided by 25.
21
Calculate the remainder when (55836/(-330))/(12/(-100)) is divided by 702.
6
Let d = 9935 + -6996. What is the remainder when d is divided by 98?
97
Let z(u) = -2*u + 8. Let d be z(2). Suppose 0 = -2*g + d*g - 5*s - 26, 0 = 5*s + 20. Suppose -4*c + 18 = -g*c. Calculate the remainder when 31 is divided by c.
13
Suppose 42*h - 6157 = -1201. Let n(y) = -2*y + 14. What is the remainder when h is divided by n(3)?
6
Let u(a) = 5*a**2 + 181*a + 532. Calculate the remainder when 350 is divided by u(-3).
10
Let b = 5946 + -3176. Calculate the remainder when b is divided by 252.
250
Suppose -12*c + 162 = -6*c. Suppose 3*u - c = -3*g, -2*u + 4*g = -5*u + 24. What is the remainder when 12 is divided by u?
0
Suppose 3392 + 3990 = 36*g - 970. What is the remainder when 4867 is divided by g?
227
Let g = -4122 - -4160. Suppose -3*i = -427 + 94. What is the remainder when i is divided by g?
35
Suppose -15 = -3*b - 2*b, 3*b + 187 = -4*y. Let q = 57 + y. Suppose -3*w + 34 = -q. What is the remainder when 95 is divided by w?
11
Suppose 3*y = -y - 2*z + 176, 4*y = -3*z + 180. Suppose 0 = -3*b + 12, 2*p + 72*b - 69*b - 174 = 0. What is the remainder when p is divided by y?
39
Let a(p) = -p**2 - 16*p - 44. Let f be a(-12). What is the remainder when 0*f/(-24) + 89 is divided by 15?
14
Suppose 2953 = 6*t - 107. Suppose -15*s = -5*s - t. Suppose -716 = -4*u + 296. Calculate the remainder when u is divided by s.
49
Let d = 15148 + -15117. What is the remainder when d is divided by 3/12 + 71/4?
13
Suppose 37 = -12*v + 97. Suppose -570 - 1505 = -v*m. Calculate the remainder when m is divided by 52.
51
Suppose 11 = -4*y + 2*t - 9, -2*y - 4*t - 10 = 0. Calculate the remainder when 63 is divided by (65/y)/(1 + -2).
11
Let w = 7693 - 7556. What is the remainder when 328 is divided by w?
54
Suppose b - 8 = 3*u, -u = 6*b - 10*b + 87. Let y = 163 - 60. What is the remainder when y is divided by b?
11
Suppose 90 = 4*o - 2*o. Suppose -47 = -6*f - 23. Suppose 3*s + 16 = y + f, 2*s = -2*y + 24. Calculate the remainder when o is divided by y.
9
Suppose 13*b + 1874 = 6554. What is the remainder when b is divided by 25?
10
Suppose 4*h = -5*v + 6616, 4*v + 2471 = -5*h + 7753. What is the remainder when v is divided by 328?
16
What is the remainder when 134*(-55)/20*7/((-21)/6) is divided by 33?
11
Let j be 4/(0 + (-2)/(-201)). Suppose -j = 4*a - 1682. Suppose 2*u = -3*u + 5*i + a, 0 = -2*u - 5*i + 128. What is the remainder when u is divided by 13?
12
Suppose -1238*i = -1241*i + 318. Suppose -2*j = -5*k + 110, -4*k - 43 = 3*j + 145. Let o = i + j. Calculate the remainder when o is divided by 16.
14
What is the remainder when 91 + (-28)/(-10)*(-3210)/(-749) is divided by 19?
8
Let a(o) = -o**2 + 10*o + 12. Let g be a(11). Let c = 23 - g. Calculate the remainder when (-27)/33 + 1 + 1052/c is divided by 18.
12
Suppose 11338 = 101*x - 12296. What is the remainder when 901 is divided by x?
199
Suppose 3*u - 5*r = -15, -r = -3*u - 4*r + 9. Suppose -5*i - k + 118 = u, 4*i - 4*k + 6*k - 98 = 0. Calculate the remainder when 113 is divided by i.
21
Suppose 3*r - 3*f = 843, -488 = -3*r - 3*f + 385. Suppose 0 = 11*v - 231 - r. Suppose -63 = -50*z + v*z. Calculate the remainder when 60 is divided by z.
18
Let f be 1*((-32)/8 + -102 + 1). Let q = f + 227. Calculate the remainder when q is divided by 31.
29
Suppose m + h - 831 = 0, -2*m + 4137 = 3*m - 4*h. Let c = m + -700. Calculate the remainder when c is divided by 27.
21
Let l(p) = -11*p + 551. Suppose 0 = 26*s - 33*s + 602. Calculate the remainder when s is divided by l(48).
17
Suppose 126 = -21*f + 26*f - 3*s, -f - 3*s + 18 = 0. What is the remainder when 445 is divided by f?
13
Suppose -3*u + 0*i - i + 48 = 0, 5*u + i - 80 = 0. Calculate the remainder when 159 is divided by (92/u + 1)/(1/4).
24
Let h(c) = 31*c - 12. Suppose -t + 1 + 1 = -4*a, 61 = 3*t - a. What is the remainder when h(6) is divided by t?
20
Let i(q) = q**3 + 4*q**2 - 34*q + 69. What is the remainder when 16897 is divided by i(2)?
22
Let f = 6245 - 3908. Calculate the remainder when f is divided by 45.
42
Let y be (4 + -2 - 2)/(-2). Suppose y = -24*u + 27*u - 63. What is the remainder when u is divided by 12?
9
Let w = 402 - 402. Suppose w = -3*d - 66 + 171. Calculate the remainder when 82 is divided by d.
12
Let s = 1 + -14. Let p(c) = c**2 + 3*c - 67. What is the remainder when p(s) is divided by 6?
3
Let u be (4/(-5))/(19/(-31540)). Suppose -3*m + 5*f + 207 + 815 = 0, -4*m - 2*f = -u. What is the remainder when m is divided by 21?
19
Let h = 381 + -584. Let w be (h + -2)/(((-9)/6)/3). Suppose -b + 6*b = w. Calculate the remainder when b is divided by 21.
19
Suppose -640 = -164*p + 457 + 2183. Calculate the remainder when 1734 is divided by p.
14
Let a = -13626 - -22749. Calculate the remainder when a is divided by 78.
75
Suppose d - 799 = -2*v, 4561 = 4*d - 2*v + 1315. Calculate the remainder when d is divided by 68.
61
Let j(h) = h**2 - 2*h + 4. Suppose 5895*q = 4*r + 5899*q - 160, 3*r + 5*q = 118. Calculate the remainder when r is divided by j(3).
6
Let q(c) = c**3 - 2*c**2 - c. Let j be q(2). Let v be (j/(-3))/((-15)/225). Let i = v - -23. Calculate the remainder when 48 is divided by i.
9
Let w = 311 - 191. Suppose -6*x + 192 = -w. Suppose -51*q = -53*q + x. Calculate the remainder when q is divided by 14.
12
Let y(a) = 2*a**2 + 391. Calculate the remainder when y(16) is divided by 197.
115
Suppose 0 = 4*i + 2*z - 26, -3*i + 5*z + 26 = -0*z. Suppose 0 = -i*w + 22 + 20. Suppose 4 - 100 = -w*m. Calculate the remainder when 79 is divided by m.
15
Let a = -17 + 136. Calculate the remainder when 222 is divided by a.
103
Let l = -201 + 400. Suppose 0 = 2*t + 3*a - 5, 9*a + 1 = -t + 4*a. Suppose 3*d - 133 = w, t*w = 3*d - l + 63. Calculate the remainder when d is divided by 23.
21
Let j = 185 + -120. Suppose 69*y - 16 = j*y. What is the remainder when 99 is divided by y?
3
Let p(i) = 2*i**2 + 129*i + 1260. Suppose r - 5*r + 23 = z, 0 = -5*z + 2*r + 225. What is the remainder when p(-11) is 